(base 2) to base 12
5364a
Convert 713d (base 16) to base 4.
13010331
39518 (base 12) to base 15
183d5
-35361 (base 14) to base 6
-2440105
-222562 (base 8) to base 6
-1335442
Convert 12717205 (base 8) to base 13.
7911c7
-2435005 (base 6) to base 10
-129389
Convert 20002110001 (base 3) to base 7.
1006336
22221221101110 (base 3) to base 12
1717a26
668a09 (base 11) to base 4
10010100203
510302 (base 6) to base 3
2001021002
Convert 15a3bc (base 16) to base 6.
50221340
Convert 2222201303 (base 4) to base 8.
2524163
What is -5125540 (base 6) in base 14?
-65392
What is 4085 (base 12) in base 13?
3266
16148d (base 14) to base 5
144200343
Convert 132405224 (base 6) to base 3.
11222101021021
Convert -50744255 (base 8) to base 6.
-1022021125
33634052 (base 7) to base 9
5460322
-310ab9 (base 14) to base 15
-22a126
What is 12132025 (base 6) in base 4?
1132011101
Convert 2100120201102 (base 3) to base 2.
100110001100010100000
Convert -10134012 (base 6) to base 2.
-1000111011001111000
Convert 131285 (base 9) to base 11.
54975
3447631 (base 8) to base 3
1202122112100
What is 12222210201111 (base 3) in base 11?
1885871
What is 985219 (base 10) in base 3?
1212001110121
Convert 52153054 (base 6) to base 10.
1507930
What is 28e72 (base 16) in base 3?
22111211010
Convert -33200320 (base 4) to base 13.
-22c00
103121400 (base 5) to base 9
743402
What is ac4d6 (base 16) in base 3?
1022212002220
-4b6844 (base 12) to base 14
-242100
What is 1425a04 (base 12) in base 14?
76d9c0
Convert -1090500 (base 10) to base 5.
-234344000
What is 8d6c7 (base 14) in base 10?
344351
Convert -200210301 (base 4) to base 6.
-2505413
What is 28429 (base 14) in base 2?
11000010100010101
What is aab7b (base 13) in base 10?
309541
219450 (base 13) to base 9
1435853
What is 11110101000000111110 (base 2) in base 8?
3650076
What is -4828523 (base 9) in base 14?
-4c1cac
What is -21222002222210 (base 3) in base 11?
-24320a5
What is -15245214 (base 6) in base 7?
-4356046
Convert -485334 (base 9) to base 7.
-2326033
Convert -2454453 (base 6) to base 13.
-48090
Convert -102252555 (base 6) to base 4.
-12312120113
What is -1221001220001 (base 3) in base 14?
-1c970a
-2366ab (base 12) to base 6
-20124335
a40 (base 14) to base 6
13200
What is 101001110011011110001 (base 2) in base 12?
560895
-570879 (base 11) to base 7
-10503360
What is 29129a0 (base 12) in base 3?
120111111010110
What is -5513101 (base 6) in base 11?
-177a6a
Convert -101206 (base 9) to base 12.
-2a836
Convert -2321021001 (base 4) to base 13.
-207228
-1467642 (base 11) to base 3
-11201201011000
Convert -151602131 (base 7) to base 5.
-10041224024
What is 530055044 (base 6) in base 16?
8d1324
1003320023 (base 4) to base 11
17a982
-40321143 (base 5) to base 14
-85b6a
-22511345 (base 6) to base 14
-140b4d
Convert -5338b (base 14) to base 5.
-22413043
Convert 35350243 (base 7) to base 4.
23322010111
443042403 (base 5) to base 6
105130440
-1000000111100010 (base 2) to base 5
-2031000
-1837520 (base 9) to base 10
-1029042
What is -21111102122 (base 3) in base 15?
-2dad2
Convert 5e56 (base 15) to base 10.
20106
Convert -1122011112011 (base 3) to base 11.
-544179
What is -1085c1 (base 15) in base 9?
-1430441
What is -18264163 (base 9) in base 15?
-c196b0
Convert -142858 (base 9) to base 4.
-111112130
What is -565360 (base 8) in base 13?
-6905c
-2902b (base 13) to base 8
-226204
What is a1119 (base 14) in base 7?
3201432
114332202 (base 6) to base 4
20102233022
What is 110200101011201 (base 3) in base 4?
121231100323
What is -16153416 (base 10) in base 13?
-3467646
-6c19d (base 15) to base 11
-215a14
What is -6209a (base 11) in base 6?
-1535305
1252626 (base 10) to base 8
4616422
What is -1101202211000 (base 3) in base 16?
-b5815
3222302333 (base 4) to base 7
11113604
What is -3550510 (base 6) in base 12?
-8b436
-9994b2 (base 15) to base 16
-6fb762
What is -960512 (base 12) in base 11?
-1375651
What is -ca6c6 (base 13) in base 4?
-1121110312
Convert -6cae8 (base 16) to base 14.
-b8332
What is -17a757 (base 13) in base 3?
-1010012102111
Convert 13472a (base 12) to base 10.
318994
What is -232123233 (base 4) in base 3?
-100122220010
-257aa (base 12) to base 4
-30200302
Convert -3333403001 (base 5) to base 8.
-33743300
-22232311 (base 4) to base 2
-1010101110110101
What is -354134410 (base 6) in base 7?
-110264163
Convert -353726 (base 8) to base 2.
-11101011111010110
d9bc9 (base 14) to base 15
a5eac
What is -228403 (base 10) in base 4?
-313300303
What is 10100111001010100000111 (base 2) in base 5?
2400241024
What is -101212201010100 (base 3) in base 2?
-10110000011011001000100
What is -14555010 (base 6) in base 15?
-a2006
What is 2c950 (base 14) in base 15?
230e9
-4ea93 (base 15) to base 3
-110210212110
Convert 645a7b (base 13) to base 5.
1100323104
Convert 189c0 (base 14) to base 7.
346430
Convert 1198682 (base 10) to base 14.
232ba2
What is -392095 (base 14) in base 13?
-53a432
-3737335 (base 8) to base 14
-1cc0b3
What is -14276710 (base 8) in base 12?
-1105008
What is 23230100233 (base 4) in base 10?
3064879
Convert 144311 (base 9) to base 15.
1b327
What is 23211 (base 10) in base 7?
124446
What is -129cacc (base 14) in base 15?
-bc77b6
What is 10101100001110010 (base 2) in base 8?
254162
Convert 145145220 (base 6) to base 2.
1011100111110101101100
What is 2030240102 (base 5) in base 10?
4149402
-201231320 (base 4) to base 11
-9483a
Convert -4677142 (base 8) to base 14.
-25380a
11541 (base 13) to base 6
402320
What is -24021440 (base 5) in base 13?
-7932c
What is -32747274 (base 8) in base 4?
-122330322330
-102210430 (base 5) to base 10
-428865
What is 2005668 (base 9) in base 13?
2b4909
Convert -100056631 (base 7) to base 5.
-2434413210
Convert -120705 (base 9) to base 6.
-1320435
What is -34698 (base 13) in base 7?
-545514
-111131331 (base 4) to base 9
-143553
-1231363 (base 7) to base 10
-159001
What is 10031121303 (base 4) in base 7?
12244062
What is 14052 (base 10) in base 8?
33344
Convert -416199 (base 11) to base 14.
-135152
What is 240560520 (base 7) in base 6?
1251501310
-1010110100001100 (base 2) to base 9
-66682
Convert 1030354243 (base 6) to base 2.
101001110000111010110011
Convert -23484440 (base 9) to base 11.
-6512250
Convert -cc2629 (base 13) to base 10.
-4803691
What is -110011000101000010111 (base 2) in base 6?
-55512503
What is 34341511 (base 8) in base 7?
120241221
Convert 13854528 (base 9) to base 11.
3983481
Convert 1ba645a (base 12) to base 13.
13004b3
What is -100231130 (base 4) in base 7?
-403355
-1794ccc (base 13) to base 8
-35263105
Convert 121002002100 (base 3) to base 6.
10441013
What is -3473144 (base 8) in base 5?
-220312222
231412413 (base 5) to base 3
1222002002211
What is -3b330 (base 12) in base 7?
-460101
1794a9a (base 14) to base 15
1052b9a
-2140c3 (base 15) to base 2
-110000010011111010010
What is 55552330 (base 6) in base 2?
110011001111000011110
Convert -30161433 (base 7) to base 11.
-145a104
Convert -21124713 (base 8) to base 10.
-4499915
115025532 (base 6) to base 4
20120103200
904a7 (base 13) to base 15
5160c
What is 13c72a (base 14) in base 7?
5562053
What is 310515 (base 7) in base 10?
53079
-123332b (base 12) to base 16
-363113
1011110111110010100101 (base 2) to base 14
5b020d
What is 7676 (base 11) in base 9?
14801
-8a05c (base 14) to base 7
-2563145
21d220 (base 14) to base 12
475724
Convert ab9b73 (base 12) to base 2.
1010011011011001000111
Convert -18e71f (base 16) to base 9.
-3056647
What is -14100345 (base 6) in base 16?
-73d69
What is 110011100001001 (base 2) in base 7?
136621
22110122211 (base 3) to base 7
1262662
Convert 12121212 (base 5) to base 10.
113932
What is -1140204 (base 5) in base 2?
-101001100111000
-4624 (base 16) to base 6
-215044
-2ad12 (base 14) to base 8
-320524
Convert -233330222000 (base 4) to base 15.
-118432b
What is -9528a6 (base 11) in base 16?
-174a8a
What is 122065 (base 7) in base 8?
53506
What is 68a895 (base 12) in base 5?
412134200
-a6424 (base 12) to base 5
-23441312
176717 (base 14) to base 7
10003030
What is 15127 (base 16) in base 3?
11101101201
What is -36a105 (base 13) in base 15?
-1ac594
Convert 118a86a (base 14) to base 3.
120210221211111
Convert -3b9a44 (base 15) to base 13.
-795376
What is -95208 (base 11) in base 6?
-2550002
Convert -2102331303 (base